e the remainder when 506 is divided by 162.
20
Calculate the remainder when 606743 is divided by 430.
13
What is the remainder when 517 is divided by 41?
25
Calculate the remainder when 5857467 is divided by 226.
225
Calculate the remainder when 46511 is divided by 48.
47
Calculate the remainder when 13630 is divided by 63.
22
Calculate the remainder when 180028 is divided by 35998.
38
Calculate the remainder when 17287 is divided by 8637.
13
Calculate the remainder when 135586 is divided by 37.
18
Calculate the remainder when 284 is divided by 247.
37
Calculate the remainder when 953659 is divided by 317881.
16
What is the remainder when 12775 is divided by 909?
49
What is the remainder when 7116 is divided by 513?
447
What is the remainder when 23042 is divided by 142?
38
Calculate the remainder when 4308 is divided by 38.
14
What is the remainder when 159764 is divided by 254?
252
Calculate the remainder when 739 is divided by 518.
221
What is the remainder when 1897 is divided by 188?
17
What is the remainder when 4657 is divided by 279?
193
What is the remainder when 10860 is divided by 452?
12
What is the remainder when 24882 is divided by 143?
0
What is the remainder when 2655 is divided by 253?
125
What is the remainder when 4761 is divided by 60?
21
Calculate the remainder when 1704 is divided by 339.
9
Calculate the remainder when 13011 is divided by 1518.
867
Calculate the remainder when 123 is divided by 42.
39
What is the remainder when 90243 is divided by 2201?
2
Calculate the remainder when 11268 is divided by 1877.
6
What is the remainder when 133720 is divided by 9?
7
Calculate the remainder when 92644 is divided by 109.
103
What is the remainder when 902 is divided by 142?
50
What is the remainder when 647092 is divided by 142?
140
Calculate the remainder when 32569 is divided by 32.
25
What is the remainder when 4423 is divided by 112?
55
Calculate the remainder when 302844 is divided by 48.
12
What is the remainder when 34957 is divided by 460?
457
Calculate the remainder when 7592 is divided by 2530.
2
What is the remainder when 177139 is divided by 16?
3
Calculate the remainder when 43643 is divided by 69.
35
Calculate the remainder when 59233 is divided by 65.
18
What is the remainder when 27862 is divided by 258?
256
What is the remainder when 27597 is divided by 143?
141
Calculate the remainder when 11377 is divided by 201.
121
Calculate the remainder when 1272 is divided by 185.
162
Calculate the remainder when 40444 is divided by 34.
18
What is the remainder when 19969 is divided by 144?
97
Calculate the remainder when 20141 is divided by 125.
16
What is the remainder when 1861 is divided by 260?
41
What is the remainder when 101830 is divided by 24?
22
What is the remainder when 274960 is divided by 1964?
0
What is the remainder when 1478 is divided by 79?
56
What is the remainder when 18208 is divided by 1820?
8
Calculate the remainder when 16543 is divided by 32.
31
What is the remainder when 1882 is divided by 57?
1
What is the remainder when 24485 is divided by 12240?
5
What is the remainder when 10223 is divided by 1458?
17
What is the remainder when 833 is divided by 261?
50
What is the remainder when 19010 is divided by 1000?
10
Calculate the remainder when 7552 is divided by 519.
286
Calculate the remainder when 1058792 is divided by 19.
17
What is the remainder when 4192 is divided by 1620?
952
Calculate the remainder when 3095 is divided by 674.
399
Calculate the remainder when 63639 is divided by 615.
294
What is the remainder when 3402 is divided by 3389?
13
Calculate the remainder when 3826446 is divided by 41.
39
What is the remainder when 24360 is divided by 31?
25
What is the remainder when 49422 is divided by 16460?
42
Calculate the remainder when 3350 is divided by 41.
29
Calculate the remainder when 2694 is divided by 218.
78
What is the remainder when 3856 is divided by 84?
76
Calculate the remainder when 7841 is divided by 160.
1
What is the remainder when 2157 is divided by 531?
33
What is the remainder when 694400 is divided by 1465?
1455
Calculate the remainder when 78015 is divided by 15603.
0
What is the remainder when 10471 is divided by 38?
21
Calculate the remainder when 12660 is divided by 96.
84
Calculate the remainder when 765 is divided by 521.
244
Calculate the remainder when 1172027 is divided by 23.
16
What is the remainder when 99240 is divided by 106?
24
What is the remainder when 14217 is divided by 4?
1
What is the remainder when 17195 is divided by 8586?
23
Calculate the remainder when 102905 is divided by 14.
5
Calculate the remainder when 880692 is divided by 45.
42
Calculate the remainder when 590096 is divided by 42.
38
What is the remainder when 6874 is divided by 1374?
4
What is the remainder when 1985 is divided by 616?
137
What is the remainder when 9635 is divided by 796?
83
What is the remainder when 1238 is divided by 46?
42
Calculate the remainder when 1583 is divided by 171.
44
What is the remainder when 1949 is divided by 861?
227
What is the remainder when 3732 is divided by 416?
404
Calculate the remainder when 39738 is divided by 9933.
6
What is the remainder when 3359 is divided by 57?
53
What is the remainder when 329629 is divided by 277?
276
What is the remainder when 43996 is divided by 13?
4
Calculate the remainder when 880 is divided by 824.
56
What is the remainder when 999 is divided by 573?
426
What is the remainder when 156581 is divided by 1294?
7
What is the remainder when 327541 is divided by 279?
274
What is the remainder when 3413 is divided by 651?
158
What is the remainder when 54724 is divided by 720?
4
What is the remainder when 40923 is divided by 172?
159
Calculate the remainder when 3548 is divided by 581.
62
Calculate the remainder when 1160 is divided by 362.
74
Calculate the remainder when 2614 is divided by 81.
22
What is the remainder when 205 is divided by 33?
7
What is the remainder when 824 is divided by 446?
378
What is the remainder when 28457 is divided by 214?
209
What is the remainder when 271844 is divided by 64?
36
What is the remainder when 12054 is divided by 3519?
1497
What is the remainder when 4774 is divided by 24?
22
What is the remainder when 47186 is divided by 293?
13
What is the remainder when 34555 is divided by 90?
85
What is the remainder when 7078 is divided by 117?
58
What is the remainder when 2747 is divided by 393?
389
Calculate the remainder when 705007 is divided by 108.
91
What is the remainder when 2235 is divided by 783?
669
What is the remainder when 31546 is divided by 46?
36
Calculate the remainder when 731 is divided by 14.
3
What is the remainder when 18468 is divided by 63?
9
Calculate the remainder when 6906 is divided by 108.
102
Calculate the remainder when 35518 is divided by 240.
238
What is the remainder when 590148 is divided by 50?
48
What is the remainder when 12175 is divided by 6078?
19
What is the remainder when 7936 is divided by 2721?
2494
Calculate the remainder when 24037 is divided by 1840.
117
What is the remainder when 24833 is divided by 265?
188
What is the remainder when 101046 is divided by 42?
36
What is the remainder when 708 is divided by 187?
147
What is the remainder when 210359 is divided by 101?
77
What is the remainder when 420691 is divided by 206?
39
What is the remainder when 160886 is divided by 1871?
1851
What is the remainder when 109442 is divided by 6839?
18
Calculate the remainder when 762 is divided by 420.
342
Calculate the remainder when 517995 is divided by 56.
51
Calculate the remainder when 1233087 is divided by 13.
11
What is the remainder when 8441 is divided by 496?
9
What is the remainder when 161573 is divided by 474?
413
Calculate the remainder when 150014 is divided by 293.
291
Calculate the remainder when 22747 is divided by 13.
10
What is the remainder when 477 is divided by 470?
7
Calculate the remainder when 46054 is divided by 637.
190
Calculate the remainder when 22185 is divided by 22180.
5
What is the remainder when 191024 is divided by 27?
26
What is the remainder when 175762 is divided by 465?
457
What is the remainder when 36509 is divided by 205?
19
Calculate the remainder when 246607 is divided by 45.
7
What is the remaind